{"id":30,"date":"2019-05-17T16:49:10","date_gmt":"2019-05-17T14:49:10","guid":{"rendered":"http:\/\/dziewiatafala.pl\/?page_id=30"},"modified":"2026-01-17T13:44:22","modified_gmt":"2026-01-17T12:44:22","slug":"polkolonie","status":"publish","type":"page","link":"https:\/\/dziewiatafala.pl\/?page_id=30","title":{"rendered":"Obozy"},"content":{"rendered":"<p>Zapraszamy do uczestnictwa w naszych obozach \u017ceglarskich. Jest to wspania\u0142a forma aktywnego wypoczynku, podczas kt\u00f3rej uczestnicy bior\u0105 udzia\u0142 w zaj\u0119ciach na wodzie. Do dyspozycji oddajemy nasze \u017cagl\u00f3wki, canoe i deski SUP, a opiekunowie dbaj\u0105 o bezpieczny przebieg zaj\u0119\u0107. W ci\u0105gu7 lub 10 dni trwania obozu uczestnicy poznaj\u0105 zasady bezpiecznego zachowania na wodzie i w wodzie, podstawy \u017ceglowania, naucz\u0105 si\u0119 p\u0142ywa\u0107 na canoe i deskach SUP. W programie zaplanowali\u015bmy wycieczki rowerowe, zabaw\u0119 z Lasermaniakiem, projekcj\u0119 filmu w kinie sferycznym oraz dla ch\u0119tnych jazd\u0119 konn\u0105. Zakwaterowanie w segmentach 3-4 osobowych 50m od pla\u017cy i przystani. Pe\u0142ne wy\u017cywienie na miejscu w sto\u0142\u00f3wce pod namiotem. Ob\u00f3z organizowany jest na terenie O\u015brodka \u017beglarskiego w Boszkowie przy ul. Turystycznej. <a href=\"_wp_link_placeholder\" data-wplink-edit=\"true\">Mapa.<\/a><\/p>\n<p><strong>Ceny:<\/strong><\/p>\n<p>ob\u00f3z 7-mio dniowy 2500 PLN<\/p>\n<p>ob\u00f3z 10-cio dniowy 3500 PLN<\/p>\n<p><strong>Rabaty:<\/strong><\/p>\n<p>zg\u0142oszenie i pe\u0142na wp\u0142ata do 30.03.2026 <strong>rabat 100 PLN<\/strong><\/p>\n<p>kolejny raz z nami na obozie rabat <strong>100 PLN<\/strong><\/p>\n<p>rodze\u0144stwo razem rabat <strong>100 PLN<\/strong><\/p>\n<h3><a href=\"https:\/\/dziewiatafala.pl\/wp-content\/uploads\/2020\/02\/karta-zg\u0142oszenia-na-ob\u00f3z.pdf\">karta zg\u0142oszenia na ob\u00f3z<\/a><\/h3>\n","protected":false},"excerpt":{"rendered":"<p>Zapraszamy do uczestnictwa w naszych obozach \u017ceglarskich. Jest to wspania\u0142a forma aktywnego wypoczynku, podczas kt\u00f3rej&#8230;<\/p>\n","protected":false},"author":1,"featured_media":0,"parent":0,"menu_order":0,"comment_status":"closed","ping_status":"closed","template":"","meta":{"footnotes":""},"class_list":["post-30","page","type-page","status-publish","hentry"],"_links":{"self":[{"href":"https:\/\/dziewiatafala.pl\/index.php?rest_route=\/wp\/v2\/pages\/30","targetHints":{"allow":["GET"]}}],"collection":[{"href":"https:\/\/dziewiatafala.pl\/index.php?rest_route=\/wp\/v2\/pages"}],"about":[{"href":"https:\/\/dziewiatafala.pl\/index.php?rest_route=\/wp\/v2\/types\/page"}],"author":[{"embeddable":true,"href":"https:\/\/dziewiatafala.pl\/index.php?rest_route=\/wp\/v2\/users\/1"}],"replies":[{"embeddable":true,"href":"https:\/\/dziewiatafala.pl\/index.php?rest_route=%2Fwp%2Fv2%2Fcomments&post=30"}],"version-history":[{"count":64,"href":"https:\/\/dziewiatafala.pl\/index.php?rest_route=\/wp\/v2\/pages\/30\/revisions"}],"predecessor-version":[{"id":828,"href":"https:\/\/dziewiatafala.pl\/index.php?rest_route=\/wp\/v2\/pages\/30\/revisions\/828"}],"wp:attachment":[{"href":"https:\/\/dziewiatafala.pl\/index.php?rest_route=%2Fwp%2Fv2%2Fmedia&parent=30"}],"curies":[{"name":"wp","href":"https:\/\/api.w.org\/{rel}","templated":true}]}}